{"id":3106,"date":"2022-07-06T21:31:35","date_gmt":"2022-07-06T16:31:35","guid":{"rendered":"https:\/\/sphere-media.com\/productions\/etre-ailleurs-lannee-quebecoise-de-m-juppe\/"},"modified":"2022-08-14T19:52:23","modified_gmt":"2022-08-14T14:52:23","slug":"etre-ailleurs-lannee-quebecoise-de-m-juppe","status":"publish","type":"productions","link":"https:\/\/sphere-media.com\/en\/productions\/etre-ailleurs-lannee-quebecoise-de-m-juppe\/","title":{"rendered":"\u00catre ailleurs : l&#8217;ann\u00e9e qu\u00e9b\u00e9coise de M. Jupp\u00e9"},"content":{"rendered":"","protected":false},"excerpt":{"rendered":"<p>Summer 2005. A Frenchman, not just any Frenchman, arrives in Quebec with his wife and children. Alain Jupp\u00e9, former Prime Minister of the Republic, has just been convicted as the leader of a party that embezzled public funds for partisan purposes. <\/p>\n","protected":false},"featured_media":2285,"template":"","meta":{"_acf_changed":false},"categories":[],"production_categories":[67],"production_subcategories":[],"class_list":["post-3106","productions","type-productions","status-publish","has-post-thumbnail","hentry","production_categories-documentaries-french"],"acf":[],"yoast_head":"<!-- This site is optimized with the Yoast SEO plugin v27.5 - https:\/\/yoast.com\/product\/yoast-seo-wordpress\/ -->\n<title>\u00catre ailleurs : l&#039;ann\u00e9e qu\u00e9b\u00e9coise de M. Jupp\u00e9 - Sphere Media Productions<\/title>\n<meta name=\"description\" content=\"Summer 2005. A Frenchman, not just any Frenchman, arrives in Quebec with his wife and children. Alain Jupp\u00e9, former Prime Minister of the Republic, has just been convicted as the leader of a party that embezzled public funds for partisan purposes. He dreamed of being president of his country, and now he is a political refugee in Quebec. He thought he was going to live a year of all dangers. Here he is facing all the possibilities: rediscovering civil and family life, the pleasure of teaching, the joy of time regained.\" \/>\n<meta name=\"robots\" content=\"index, follow, max-snippet:-1, max-image-preview:large, max-video-preview:-1\" \/>\n<link rel=\"canonical\" href=\"https:\/\/sphere-media.com\/en\/productions\/etre-ailleurs-lannee-quebecoise-de-m-juppe\/\" \/>\n<meta property=\"og:locale\" content=\"en_US\" \/>\n<meta property=\"og:type\" content=\"article\" \/>\n<meta property=\"og:title\" content=\"\u00catre ailleurs : l&#039;ann\u00e9e qu\u00e9b\u00e9coise de M. Jupp\u00e9 - Sphere Media Productions\" \/>\n<meta property=\"og:description\" content=\"Summer 2005. A Frenchman, not just any Frenchman, arrives in Quebec with his wife and children. Alain Jupp\u00e9, former Prime Minister of the Republic, has just been convicted as the leader of a party that embezzled public funds for partisan purposes. He dreamed of being president of his country, and now he is a political refugee in Quebec. He thought he was going to live a year of all dangers. Here he is facing all the possibilities: rediscovering civil and family life, the pleasure of teaching, the joy of time regained.\" \/>\n<meta property=\"og:url\" content=\"https:\/\/sphere-media.com\/en\/productions\/etre-ailleurs-lannee-quebecoise-de-m-juppe\/\" \/>\n<meta property=\"og:site_name\" content=\"Sphere Media Productions\" \/>\n<meta property=\"article:publisher\" content=\"https:\/\/www.facebook.com\/SphereMedia.ca\/\" \/>\n<meta property=\"article:modified_time\" content=\"2022-08-14T14:52:23+00:00\" \/>\n<meta property=\"og:image\" content=\"https:\/\/sphere-media.com\/wp-content\/uploads\/2022\/07\/Etre-ailleurs-l_annee-quebecoise.webp\" \/>\n\t<meta property=\"og:image:width\" content=\"1250\" \/>\n\t<meta property=\"og:image:height\" content=\"703\" \/>\n\t<meta property=\"og:image:type\" content=\"image\/webp\" \/>\n<meta name=\"twitter:card\" content=\"summary_large_image\" \/>\n<meta name=\"twitter:site\" content=\"@Sienna_Films\" \/>\n<script type=\"application\/ld+json\" class=\"yoast-schema-graph\">{\"@context\":\"https:\\\/\\\/schema.org\",\"@graph\":[{\"@type\":\"WebPage\",\"@id\":\"https:\\\/\\\/sphere-media.com\\\/en\\\/productions\\\/etre-ailleurs-lannee-quebecoise-de-m-juppe\\\/\",\"url\":\"https:\\\/\\\/sphere-media.com\\\/en\\\/productions\\\/etre-ailleurs-lannee-quebecoise-de-m-juppe\\\/\",\"name\":\"\u00catre ailleurs : l'ann\u00e9e qu\u00e9b\u00e9coise de M. Jupp\u00e9 - Sphere Media Productions\",\"isPartOf\":{\"@id\":\"https:\\\/\\\/sphere-media.com\\\/en\\\/#website\"},\"primaryImageOfPage\":{\"@id\":\"https:\\\/\\\/sphere-media.com\\\/en\\\/productions\\\/etre-ailleurs-lannee-quebecoise-de-m-juppe\\\/#primaryimage\"},\"image\":{\"@id\":\"https:\\\/\\\/sphere-media.com\\\/en\\\/productions\\\/etre-ailleurs-lannee-quebecoise-de-m-juppe\\\/#primaryimage\"},\"thumbnailUrl\":\"https:\\\/\\\/sphere-media.com\\\/wp-content\\\/uploads\\\/2022\\\/07\\\/Etre-ailleurs-l_annee-quebecoise.webp\",\"datePublished\":\"2022-07-06T16:31:35+00:00\",\"dateModified\":\"2022-08-14T14:52:23+00:00\",\"description\":\"Summer 2005. A Frenchman, not just any Frenchman, arrives in Quebec with his wife and children. Alain Jupp\u00e9, former Prime Minister of the Republic, has just been convicted as the leader of a party that embezzled public funds for partisan purposes. He dreamed of being president of his country, and now he is a political refugee in Quebec. He thought he was going to live a year of all dangers. Here he is facing all the possibilities: rediscovering civil and family life, the pleasure of teaching, the joy of time regained.\",\"breadcrumb\":{\"@id\":\"https:\\\/\\\/sphere-media.com\\\/en\\\/productions\\\/etre-ailleurs-lannee-quebecoise-de-m-juppe\\\/#breadcrumb\"},\"inLanguage\":\"en-US\",\"potentialAction\":[{\"@type\":\"ReadAction\",\"target\":[\"https:\\\/\\\/sphere-media.com\\\/en\\\/productions\\\/etre-ailleurs-lannee-quebecoise-de-m-juppe\\\/\"]}]},{\"@type\":\"ImageObject\",\"inLanguage\":\"en-US\",\"@id\":\"https:\\\/\\\/sphere-media.com\\\/en\\\/productions\\\/etre-ailleurs-lannee-quebecoise-de-m-juppe\\\/#primaryimage\",\"url\":\"https:\\\/\\\/sphere-media.com\\\/wp-content\\\/uploads\\\/2022\\\/07\\\/Etre-ailleurs-l_annee-quebecoise.webp\",\"contentUrl\":\"https:\\\/\\\/sphere-media.com\\\/wp-content\\\/uploads\\\/2022\\\/07\\\/Etre-ailleurs-l_annee-quebecoise.webp\",\"width\":1250,\"height\":703},{\"@type\":\"BreadcrumbList\",\"@id\":\"https:\\\/\\\/sphere-media.com\\\/en\\\/productions\\\/etre-ailleurs-lannee-quebecoise-de-m-juppe\\\/#breadcrumb\",\"itemListElement\":[{\"@type\":\"ListItem\",\"position\":1,\"name\":\"Home\",\"item\":\"https:\\\/\\\/sphere-media.com\\\/en\\\/\"},{\"@type\":\"ListItem\",\"position\":2,\"name\":\"\u00catre ailleurs : l&rsquo;ann\u00e9e qu\u00e9b\u00e9coise de M. Jupp\u00e9\"}]},{\"@type\":\"WebSite\",\"@id\":\"https:\\\/\\\/sphere-media.com\\\/en\\\/#website\",\"url\":\"https:\\\/\\\/sphere-media.com\\\/en\\\/\",\"name\":\"Sphere Media Productions\",\"description\":\"\",\"publisher\":{\"@id\":\"https:\\\/\\\/sphere-media.com\\\/en\\\/#organization\"},\"potentialAction\":[{\"@type\":\"SearchAction\",\"target\":{\"@type\":\"EntryPoint\",\"urlTemplate\":\"https:\\\/\\\/sphere-media.com\\\/en\\\/?s={search_term_string}\"},\"query-input\":{\"@type\":\"PropertyValueSpecification\",\"valueRequired\":true,\"valueName\":\"search_term_string\"}}],\"inLanguage\":\"en-US\"},{\"@type\":\"Organization\",\"@id\":\"https:\\\/\\\/sphere-media.com\\\/en\\\/#organization\",\"name\":\"Sphere Media\",\"url\":\"https:\\\/\\\/sphere-media.com\\\/en\\\/\",\"logo\":{\"@type\":\"ImageObject\",\"inLanguage\":\"en-US\",\"@id\":\"https:\\\/\\\/sphere-media.com\\\/en\\\/#\\\/schema\\\/logo\\\/image\\\/\",\"url\":\"https:\\\/\\\/sphere-media.com\\\/wp-content\\\/uploads\\\/2022\\\/04\\\/Sphere-logo-Rev.png\",\"contentUrl\":\"https:\\\/\\\/sphere-media.com\\\/wp-content\\\/uploads\\\/2022\\\/04\\\/Sphere-logo-Rev.png\",\"width\":361,\"height\":104,\"caption\":\"Sphere Media\"},\"image\":{\"@id\":\"https:\\\/\\\/sphere-media.com\\\/en\\\/#\\\/schema\\\/logo\\\/image\\\/\"},\"sameAs\":[\"https:\\\/\\\/www.facebook.com\\\/SphereMedia.ca\\\/\",\"https:\\\/\\\/x.com\\\/Sienna_Films\"]}]}<\/script>\n<!-- \/ Yoast SEO plugin. -->","yoast_head_json":{"title":"\u00catre ailleurs : l'ann\u00e9e qu\u00e9b\u00e9coise de M. Jupp\u00e9 - Sphere Media Productions","description":"Summer 2005. A Frenchman, not just any Frenchman, arrives in Quebec with his wife and children. Alain Jupp\u00e9, former Prime Minister of the Republic, has just been convicted as the leader of a party that embezzled public funds for partisan purposes. He dreamed of being president of his country, and now he is a political refugee in Quebec. He thought he was going to live a year of all dangers. Here he is facing all the possibilities: rediscovering civil and family life, the pleasure of teaching, the joy of time regained.","robots":{"index":"index","follow":"follow","max-snippet":"max-snippet:-1","max-image-preview":"max-image-preview:large","max-video-preview":"max-video-preview:-1"},"canonical":"https:\/\/sphere-media.com\/en\/productions\/etre-ailleurs-lannee-quebecoise-de-m-juppe\/","og_locale":"en_US","og_type":"article","og_title":"\u00catre ailleurs : l'ann\u00e9e qu\u00e9b\u00e9coise de M. Jupp\u00e9 - Sphere Media Productions","og_description":"Summer 2005. A Frenchman, not just any Frenchman, arrives in Quebec with his wife and children. Alain Jupp\u00e9, former Prime Minister of the Republic, has just been convicted as the leader of a party that embezzled public funds for partisan purposes. He dreamed of being president of his country, and now he is a political refugee in Quebec. He thought he was going to live a year of all dangers. Here he is facing all the possibilities: rediscovering civil and family life, the pleasure of teaching, the joy of time regained.","og_url":"https:\/\/sphere-media.com\/en\/productions\/etre-ailleurs-lannee-quebecoise-de-m-juppe\/","og_site_name":"Sphere Media Productions","article_publisher":"https:\/\/www.facebook.com\/SphereMedia.ca\/","article_modified_time":"2022-08-14T14:52:23+00:00","og_image":[{"width":1250,"height":703,"url":"https:\/\/sphere-media.com\/wp-content\/uploads\/2022\/07\/Etre-ailleurs-l_annee-quebecoise.webp","type":"image\/webp"}],"twitter_card":"summary_large_image","twitter_site":"@Sienna_Films","schema":{"@context":"https:\/\/schema.org","@graph":[{"@type":"WebPage","@id":"https:\/\/sphere-media.com\/en\/productions\/etre-ailleurs-lannee-quebecoise-de-m-juppe\/","url":"https:\/\/sphere-media.com\/en\/productions\/etre-ailleurs-lannee-quebecoise-de-m-juppe\/","name":"\u00catre ailleurs : l'ann\u00e9e qu\u00e9b\u00e9coise de M. Jupp\u00e9 - Sphere Media Productions","isPartOf":{"@id":"https:\/\/sphere-media.com\/en\/#website"},"primaryImageOfPage":{"@id":"https:\/\/sphere-media.com\/en\/productions\/etre-ailleurs-lannee-quebecoise-de-m-juppe\/#primaryimage"},"image":{"@id":"https:\/\/sphere-media.com\/en\/productions\/etre-ailleurs-lannee-quebecoise-de-m-juppe\/#primaryimage"},"thumbnailUrl":"https:\/\/sphere-media.com\/wp-content\/uploads\/2022\/07\/Etre-ailleurs-l_annee-quebecoise.webp","datePublished":"2022-07-06T16:31:35+00:00","dateModified":"2022-08-14T14:52:23+00:00","description":"Summer 2005. A Frenchman, not just any Frenchman, arrives in Quebec with his wife and children. Alain Jupp\u00e9, former Prime Minister of the Republic, has just been convicted as the leader of a party that embezzled public funds for partisan purposes. He dreamed of being president of his country, and now he is a political refugee in Quebec. He thought he was going to live a year of all dangers. Here he is facing all the possibilities: rediscovering civil and family life, the pleasure of teaching, the joy of time regained.","breadcrumb":{"@id":"https:\/\/sphere-media.com\/en\/productions\/etre-ailleurs-lannee-quebecoise-de-m-juppe\/#breadcrumb"},"inLanguage":"en-US","potentialAction":[{"@type":"ReadAction","target":["https:\/\/sphere-media.com\/en\/productions\/etre-ailleurs-lannee-quebecoise-de-m-juppe\/"]}]},{"@type":"ImageObject","inLanguage":"en-US","@id":"https:\/\/sphere-media.com\/en\/productions\/etre-ailleurs-lannee-quebecoise-de-m-juppe\/#primaryimage","url":"https:\/\/sphere-media.com\/wp-content\/uploads\/2022\/07\/Etre-ailleurs-l_annee-quebecoise.webp","contentUrl":"https:\/\/sphere-media.com\/wp-content\/uploads\/2022\/07\/Etre-ailleurs-l_annee-quebecoise.webp","width":1250,"height":703},{"@type":"BreadcrumbList","@id":"https:\/\/sphere-media.com\/en\/productions\/etre-ailleurs-lannee-quebecoise-de-m-juppe\/#breadcrumb","itemListElement":[{"@type":"ListItem","position":1,"name":"Home","item":"https:\/\/sphere-media.com\/en\/"},{"@type":"ListItem","position":2,"name":"\u00catre ailleurs : l&rsquo;ann\u00e9e qu\u00e9b\u00e9coise de M. Jupp\u00e9"}]},{"@type":"WebSite","@id":"https:\/\/sphere-media.com\/en\/#website","url":"https:\/\/sphere-media.com\/en\/","name":"Sphere Media Productions","description":"","publisher":{"@id":"https:\/\/sphere-media.com\/en\/#organization"},"potentialAction":[{"@type":"SearchAction","target":{"@type":"EntryPoint","urlTemplate":"https:\/\/sphere-media.com\/en\/?s={search_term_string}"},"query-input":{"@type":"PropertyValueSpecification","valueRequired":true,"valueName":"search_term_string"}}],"inLanguage":"en-US"},{"@type":"Organization","@id":"https:\/\/sphere-media.com\/en\/#organization","name":"Sphere Media","url":"https:\/\/sphere-media.com\/en\/","logo":{"@type":"ImageObject","inLanguage":"en-US","@id":"https:\/\/sphere-media.com\/en\/#\/schema\/logo\/image\/","url":"https:\/\/sphere-media.com\/wp-content\/uploads\/2022\/04\/Sphere-logo-Rev.png","contentUrl":"https:\/\/sphere-media.com\/wp-content\/uploads\/2022\/04\/Sphere-logo-Rev.png","width":361,"height":104,"caption":"Sphere Media"},"image":{"@id":"https:\/\/sphere-media.com\/en\/#\/schema\/logo\/image\/"},"sameAs":["https:\/\/www.facebook.com\/SphereMedia.ca\/","https:\/\/x.com\/Sienna_Films"]}]}},"_links":{"self":[{"href":"https:\/\/sphere-media.com\/en\/wp-json\/wp\/v2\/productions\/3106","targetHints":{"allow":["GET"]}}],"collection":[{"href":"https:\/\/sphere-media.com\/en\/wp-json\/wp\/v2\/productions"}],"about":[{"href":"https:\/\/sphere-media.com\/en\/wp-json\/wp\/v2\/types\/productions"}],"wp:featuredmedia":[{"embeddable":true,"href":"https:\/\/sphere-media.com\/en\/wp-json\/wp\/v2\/media\/2285"}],"wp:attachment":[{"href":"https:\/\/sphere-media.com\/en\/wp-json\/wp\/v2\/media?parent=3106"}],"wp:term":[{"taxonomy":"category","embeddable":true,"href":"https:\/\/sphere-media.com\/en\/wp-json\/wp\/v2\/categories?post=3106"},{"taxonomy":"production_categories","embeddable":true,"href":"https:\/\/sphere-media.com\/en\/wp-json\/wp\/v2\/production_categories?post=3106"},{"taxonomy":"production_subcategories","embeddable":true,"href":"https:\/\/sphere-media.com\/en\/wp-json\/wp\/v2\/production_subcategories?post=3106"}],"curies":[{"name":"wp","href":"https:\/\/api.w.org\/{rel}","templated":true}]}}

Être ailleurs : l&#8217;année québécoise de M. Juppé

<p>Summer 2005. A Frenchman, not just any Frenchman, arrives in Quebec with his wife and children. Alain Juppé, former Prime Minister of the Republic, has just been convicted as the leader of a party that embezzled public funds for partisan purposes. </p>

<!-- This site is optimized with the Yoast SEO plugin v27.5 - https://yoast.com/product/yoast-seo-wordpress/ -->
<title>Être ailleurs : l&#039;année québécoise de M. Juppé - Sphere Media Productions</title>
<meta name="description" content="Summer 2005. A Frenchman, not just any Frenchman, arrives in Quebec with his wife and children. Alain Juppé, former Prime Minister of the Republic, has just been convicted as the leader of a party that embezzled public funds for partisan purposes. He dreamed of being president of his country, and now he is a political refugee in Quebec. He thought he was going to live a year of all dangers. Here he is facing all the possibilities: rediscovering civil and family life, the pleasure of teaching, the joy of time regained." />
<meta name="robots" content="index, follow, max-snippet:-1, max-image-preview:large, max-video-preview:-1" />
<link rel="canonical" href="https://sphere-media.com/en/productions/etre-ailleurs-lannee-quebecoise-de-m-juppe/" />
<meta property="og:locale" content="en_US" />
<meta property="og:type" content="article" />
<meta property="og:title" content="Être ailleurs : l&#039;année québécoise de M. Juppé - Sphere Media Productions" />
<meta property="og:description" content="Summer 2005. A Frenchman, not just any Frenchman, arrives in Quebec with his wife and children. Alain Juppé, former Prime Minister of the Republic, has just been convicted as the leader of a party that embezzled public funds for partisan purposes. He dreamed of being president of his country, and now he is a political refugee in Quebec. He thought he was going to live a year of all dangers. Here he is facing all the possibilities: rediscovering civil and family life, the pleasure of teaching, the joy of time regained." />
<meta property="og:url" content="https://sphere-media.com/en/productions/etre-ailleurs-lannee-quebecoise-de-m-juppe/" />
<meta property="og:site_name" content="Sphere Media Productions" />
<meta property="article:publisher" content="https://www.facebook.com/SphereMedia.ca/" />
<meta property="article:modified_time" content="2022-08-14T14:52:23+00:00" />
<meta property="og:image" content="https://sphere-media.com/wp-content/uploads/2022/07/Etre-ailleurs-l_annee-quebecoise.webp" />
	<meta property="og:image:width" content="1250" />
	<meta property="og:image:height" content="703" />
	<meta property="og:image:type" content="image/webp" />
<meta name="twitter:card" content="summary_large_image" />
<meta name="twitter:site" content="@Sienna_Films" />
<script type="application/ld+json" class="yoast-schema-graph">{"@context":"https:\/\/schema.org","@graph":[{"@type":"WebPage","@id":"https:\/\/sphere-media.com\/en\/productions\/etre-ailleurs-lannee-quebecoise-de-m-juppe\/","url":"https:\/\/sphere-media.com\/en\/productions\/etre-ailleurs-lannee-quebecoise-de-m-juppe\/","name":"Être ailleurs : l'année québécoise de M. Juppé - Sphere Media Productions","isPartOf":{"@id":"https:\/\/sphere-media.com\/en\/#website"},"primaryImageOfPage":{"@id":"https:\/\/sphere-media.com\/en\/productions\/etre-ailleurs-lannee-quebecoise-de-m-juppe\/#primaryimage"},"image":{"@id":"https:\/\/sphere-media.com\/en\/productions\/etre-ailleurs-lannee-quebecoise-de-m-juppe\/#primaryimage"},"thumbnailUrl":"https:\/\/sphere-media.com\/wp-content\/uploads\/2022\/07\/Etre-ailleurs-l_annee-quebecoise.webp","datePublished":"2022-07-06T16:31:35+00:00","dateModified":"2022-08-14T14:52:23+00:00","description":"Summer 2005. A Frenchman, not just any Frenchman, arrives in Quebec with his wife and children. Alain Juppé, former Prime Minister of the Republic, has just been convicted as the leader of a party that embezzled public funds for partisan purposes. He dreamed of being president of his country, and now he is a political refugee in Quebec. He thought he was going to live a year of all dangers. Here he is facing all the possibilities: rediscovering civil and family life, the pleasure of teaching, the joy of time regained.","breadcrumb":{"@id":"https:\/\/sphere-media.com\/en\/productions\/etre-ailleurs-lannee-quebecoise-de-m-juppe\/#breadcrumb"},"inLanguage":"en-US","potentialAction":[{"@type":"ReadAction","target":["https:\/\/sphere-media.com\/en\/productions\/etre-ailleurs-lannee-quebecoise-de-m-juppe\/"]}]},{"@type":"ImageObject","inLanguage":"en-US","@id":"https:\/\/sphere-media.com\/en\/productions\/etre-ailleurs-lannee-quebecoise-de-m-juppe\/#primaryimage","url":"https:\/\/sphere-media.com\/wp-content\/uploads\/2022\/07\/Etre-ailleurs-l_annee-quebecoise.webp","contentUrl":"https:\/\/sphere-media.com\/wp-content\/uploads\/2022\/07\/Etre-ailleurs-l_annee-quebecoise.webp","width":1250,"height":703},{"@type":"BreadcrumbList","@id":"https:\/\/sphere-media.com\/en\/productions\/etre-ailleurs-lannee-quebecoise-de-m-juppe\/#breadcrumb","itemListElement":[{"@type":"ListItem","position":1,"name":"Home","item":"https:\/\/sphere-media.com\/en\/"},{"@type":"ListItem","position":2,"name":"Être ailleurs : l&rsquo;année québécoise de M. Juppé"}]},{"@type":"WebSite","@id":"https:\/\/sphere-media.com\/en\/#website","url":"https:\/\/sphere-media.com\/en\/","name":"Sphere Media Productions","description":"","publisher":{"@id":"https:\/\/sphere-media.com\/en\/#organization"},"potentialAction":[{"@type":"SearchAction","target":{"@type":"EntryPoint","urlTemplate":"https:\/\/sphere-media.com\/en\/?s={search_term_string}"},"query-input":{"@type":"PropertyValueSpecification","valueRequired":true,"valueName":"search_term_string"}}],"inLanguage":"en-US"},{"@type":"Organization","@id":"https:\/\/sphere-media.com\/en\/#organization","name":"Sphere Media","url":"https:\/\/sphere-media.com\/en\/","logo":{"@type":"ImageObject","inLanguage":"en-US","@id":"https:\/\/sphere-media.com\/en\/#\/schema\/logo\/image\/","url":"https:\/\/sphere-media.com\/wp-content\/uploads\/2022\/04\/Sphere-logo-Rev.png","contentUrl":"https:\/\/sphere-media.com\/wp-content\/uploads\/2022\/04\/Sphere-logo-Rev.png","width":361,"height":104,"caption":"Sphere Media"},"image":{"@id":"https:\/\/sphere-media.com\/en\/#\/schema\/logo\/image\/"},"sameAs":["https:\/\/www.facebook.com\/SphereMedia.ca\/","https:\/\/x.com\/Sienna_Films"]}]}</script>
<!-- / Yoast SEO plugin. -->

Être ailleurs : l'année québécoise de M. Juppé - Sphere Media Productions

Summer 2005. A Frenchman, not just any Frenchman, arrives in Quebec with his wife and children. Alain Juppé, former Prime Minister of the Republic, has just been convicted as the leader of a party that embezzled public funds for partisan purposes. He dreamed of being president of his country, and now he is a political refugee in Quebec. He thought he was going to live a year of all dangers. Here he is facing all the possibilities: rediscovering civil and family life, the pleasure of teaching, the joy of time regained.

Être ailleurs : l&rsquo;année québécoise de M. Juppé
